{"id":6216,"date":"2022-09-27T10:32:11","date_gmt":"2022-09-27T08:32:11","guid":{"rendered":"https:\/\/vsmvv.cz\/?post_type=aktuality&#038;p=6216"},"modified":"2022-09-27T10:32:12","modified_gmt":"2022-09-27T08:32:12","slug":"vsmvv-bude-uzavrena-28-9","status":"publish","type":"aktuality","link":"https:\/\/vsmvv.cz\/en\/aktuality\/vsmvv-bude-uzavrena-28-9\/","title":{"rendered":"V\u0160MVV bude uzav\u0159ena 28.9."},"content":{"rendered":"\n<p>U\u00a0p\u0159\u00edle\u017eitosti dne \u010desk\u00e9 st\u00e1tnosti bude budova Vysok\u00e9 \u0161koly mezin\u00e1rodn\u00edch a ve\u0159ejn\u00fdch vztah\u016f Praha uzav\u0159ena 28.9. <\/p>\n\n\n\n<p><\/p>\n","protected":false},"excerpt":{"rendered":"<p>U\u00a0p\u0159\u00edle\u017eitosti dne \u010desk\u00e9 st\u00e1tnosti bude budova Vysok\u00e9 \u0161koly mezin\u00e1rodn\u00edch a ve\u0159ejn\u00fdch vztah\u016f Praha uzav\u0159ena 28.9.<\/p>\n","protected":false},"featured_media":0,"template":"","kategoria":[],"mesto":[],"skola":[],"class_list":["post-6216","aktuality","type-aktuality","status-publish","hentry"],"yoast_head":"<!-- This site is optimized with the Yoast SEO plugin v26.8 - https:\/\/yoast.com\/product\/yoast-seo-wordpress\/ -->\n<title>V\u0160MVV bude uzav\u0159ena 28.9. - Vysok\u00e1 \u0161kola mezin\u00e1rodn\u00edch a verejn\u00fdch vztah\u016f<\/title>\n<meta name=\"robots\" content=\"index, follow, max-snippet:-1, max-image-preview:large, max-video-preview:-1\" \/>\n<link rel=\"canonical\" href=\"https:\/\/vsmvv.cz\/en\/aktuality\/vsmvv-bude-uzavrena-28-9\/\" \/>\n<meta property=\"og:locale\" content=\"en_US\" \/>\n<meta property=\"og:type\" content=\"article\" \/>\n<meta property=\"og:title\" content=\"V\u0160MVV bude uzav\u0159ena 28.9. - Vysok\u00e1 \u0161kola mezin\u00e1rodn\u00edch a verejn\u00fdch vztah\u016f\" \/>\n<meta property=\"og:description\" content=\"U\u00a0p\u0159\u00edle\u017eitosti dne \u010desk\u00e9 st\u00e1tnosti bude budova Vysok\u00e9 \u0161koly mezin\u00e1rodn\u00edch a ve\u0159ejn\u00fdch vztah\u016f Praha uzav\u0159ena 28.9.\" \/>\n<meta property=\"og:url\" content=\"https:\/\/vsmvv.cz\/en\/aktuality\/vsmvv-bude-uzavrena-28-9\/\" \/>\n<meta property=\"og:site_name\" content=\"Vysok\u00e1 \u0161kola mezin\u00e1rodn\u00edch a verejn\u00fdch vztah\u016f\" \/>\n<meta property=\"article:modified_time\" content=\"2022-09-27T08:32:12+00:00\" \/>\n<meta name=\"twitter:card\" content=\"summary_large_image\" \/>\n<meta name=\"twitter:label1\" content=\"Est. reading time\" \/>\n\t<meta name=\"twitter:data1\" content=\"1 minute\" \/>\n<script type=\"application\/ld+json\" class=\"yoast-schema-graph\">{\"@context\":\"https:\/\/schema.org\",\"@graph\":[{\"@type\":\"WebPage\",\"@id\":\"https:\/\/vsmvv.cz\/en\/aktuality\/vsmvv-bude-uzavrena-28-9\/\",\"url\":\"https:\/\/vsmvv.cz\/en\/aktuality\/vsmvv-bude-uzavrena-28-9\/\",\"name\":\"V\u0160MVV bude uzav\u0159ena 28.9. - Vysok\u00e1 \u0161kola mezin\u00e1rodn\u00edch a verejn\u00fdch vztah\u016f\",\"isPartOf\":{\"@id\":\"http:\/\/vsmvv.cz\/en\/#website\"},\"datePublished\":\"2022-09-27T08:32:11+00:00\",\"dateModified\":\"2022-09-27T08:32:12+00:00\",\"breadcrumb\":{\"@id\":\"https:\/\/vsmvv.cz\/en\/aktuality\/vsmvv-bude-uzavrena-28-9\/#breadcrumb\"},\"inLanguage\":\"en-US\",\"potentialAction\":[{\"@type\":\"ReadAction\",\"target\":[\"https:\/\/vsmvv.cz\/en\/aktuality\/vsmvv-bude-uzavrena-28-9\/\"]}]},{\"@type\":\"BreadcrumbList\",\"@id\":\"https:\/\/vsmvv.cz\/en\/aktuality\/vsmvv-bude-uzavrena-28-9\/#breadcrumb\",\"itemListElement\":[{\"@type\":\"ListItem\",\"position\":1,\"name\":\"Vysok\u00e1 \u0161kola mezin\u00e1rodn\u00edch a verejn\u00fdch vztah\u016f\",\"item\":\"https:\/\/vsmvv.cz\/en\/\"},{\"@type\":\"ListItem\",\"position\":2,\"name\":\"Aktuality\",\"item\":\"https:\/\/vsmvv.cz\/en\/aktuality\/\"},{\"@type\":\"ListItem\",\"position\":3,\"name\":\"V\u0160MVV bude uzav\u0159ena 28.9.\"}]},{\"@type\":\"WebSite\",\"@id\":\"http:\/\/vsmvv.cz\/en\/#website\",\"url\":\"http:\/\/vsmvv.cz\/en\/\",\"name\":\"Vysok\u00e1 \u0161kola mezin\u00e1rodn\u00edch a verejn\u00fdch vztah\u016f\",\"description\":\"Kvalita. Prest\u00ed\u017e. \u00daspech. Prec\u00edznos\u0165.\",\"potentialAction\":[{\"@type\":\"SearchAction\",\"target\":{\"@type\":\"EntryPoint\",\"urlTemplate\":\"http:\/\/vsmvv.cz\/en\/?s={search_term_string}\"},\"query-input\":{\"@type\":\"PropertyValueSpecification\",\"valueRequired\":true,\"valueName\":\"search_term_string\"}}],\"inLanguage\":\"en-US\"}]}<\/script>\n<!-- \/ Yoast SEO plugin. -->","yoast_head_json":{"title":"V\u0160MVV bude uzav\u0159ena 28.9. - Vysok\u00e1 \u0161kola mezin\u00e1rodn\u00edch a verejn\u00fdch vztah\u016f","robots":{"index":"index","follow":"follow","max-snippet":"max-snippet:-1","max-image-preview":"max-image-preview:large","max-video-preview":"max-video-preview:-1"},"canonical":"https:\/\/vsmvv.cz\/en\/aktuality\/vsmvv-bude-uzavrena-28-9\/","og_locale":"en_US","og_type":"article","og_title":"V\u0160MVV bude uzav\u0159ena 28.9. - Vysok\u00e1 \u0161kola mezin\u00e1rodn\u00edch a verejn\u00fdch vztah\u016f","og_description":"U\u00a0p\u0159\u00edle\u017eitosti dne \u010desk\u00e9 st\u00e1tnosti bude budova Vysok\u00e9 \u0161koly mezin\u00e1rodn\u00edch a ve\u0159ejn\u00fdch vztah\u016f Praha uzav\u0159ena 28.9.","og_url":"https:\/\/vsmvv.cz\/en\/aktuality\/vsmvv-bude-uzavrena-28-9\/","og_site_name":"Vysok\u00e1 \u0161kola mezin\u00e1rodn\u00edch a verejn\u00fdch vztah\u016f","article_modified_time":"2022-09-27T08:32:12+00:00","twitter_card":"summary_large_image","twitter_misc":{"Est. reading time":"1 minute"},"schema":{"@context":"https:\/\/schema.org","@graph":[{"@type":"WebPage","@id":"https:\/\/vsmvv.cz\/en\/aktuality\/vsmvv-bude-uzavrena-28-9\/","url":"https:\/\/vsmvv.cz\/en\/aktuality\/vsmvv-bude-uzavrena-28-9\/","name":"V\u0160MVV bude uzav\u0159ena 28.9. - Vysok\u00e1 \u0161kola mezin\u00e1rodn\u00edch a verejn\u00fdch vztah\u016f","isPartOf":{"@id":"http:\/\/vsmvv.cz\/en\/#website"},"datePublished":"2022-09-27T08:32:11+00:00","dateModified":"2022-09-27T08:32:12+00:00","breadcrumb":{"@id":"https:\/\/vsmvv.cz\/en\/aktuality\/vsmvv-bude-uzavrena-28-9\/#breadcrumb"},"inLanguage":"en-US","potentialAction":[{"@type":"ReadAction","target":["https:\/\/vsmvv.cz\/en\/aktuality\/vsmvv-bude-uzavrena-28-9\/"]}]},{"@type":"BreadcrumbList","@id":"https:\/\/vsmvv.cz\/en\/aktuality\/vsmvv-bude-uzavrena-28-9\/#breadcrumb","itemListElement":[{"@type":"ListItem","position":1,"name":"Vysok\u00e1 \u0161kola mezin\u00e1rodn\u00edch a verejn\u00fdch vztah\u016f","item":"https:\/\/vsmvv.cz\/en\/"},{"@type":"ListItem","position":2,"name":"Aktuality","item":"https:\/\/vsmvv.cz\/en\/aktuality\/"},{"@type":"ListItem","position":3,"name":"V\u0160MVV bude uzav\u0159ena 28.9."}]},{"@type":"WebSite","@id":"http:\/\/vsmvv.cz\/en\/#website","url":"http:\/\/vsmvv.cz\/en\/","name":"Vysok\u00e1 \u0161kola mezin\u00e1rodn\u00edch a verejn\u00fdch vztah\u016f","description":"Kvalita. Prest\u00ed\u017e. \u00daspech. Prec\u00edznos\u0165.","potentialAction":[{"@type":"SearchAction","target":{"@type":"EntryPoint","urlTemplate":"http:\/\/vsmvv.cz\/en\/?s={search_term_string}"},"query-input":{"@type":"PropertyValueSpecification","valueRequired":true,"valueName":"search_term_string"}}],"inLanguage":"en-US"}]}},"meta_box":[],"_links":{"self":[{"href":"https:\/\/vsmvv.cz\/en\/wp-json\/wp\/v2\/aktuality\/6216","targetHints":{"allow":["GET"]}}],"collection":[{"href":"https:\/\/vsmvv.cz\/en\/wp-json\/wp\/v2\/aktuality"}],"about":[{"href":"https:\/\/vsmvv.cz\/en\/wp-json\/wp\/v2\/types\/aktuality"}],"version-history":[{"count":1,"href":"https:\/\/vsmvv.cz\/en\/wp-json\/wp\/v2\/aktuality\/6216\/revisions"}],"predecessor-version":[{"id":6217,"href":"https:\/\/vsmvv.cz\/en\/wp-json\/wp\/v2\/aktuality\/6216\/revisions\/6217"}],"wp:attachment":[{"href":"https:\/\/vsmvv.cz\/en\/wp-json\/wp\/v2\/media?parent=6216"}],"wp:term":[{"taxonomy":"kategoria","embeddable":true,"href":"https:\/\/vsmvv.cz\/en\/wp-json\/wp\/v2\/kategoria?post=6216"},{"taxonomy":"mesto","embeddable":true,"href":"https:\/\/vsmvv.cz\/en\/wp-json\/wp\/v2\/mesto?post=6216"},{"taxonomy":"skola","embeddable":true,"href":"https:\/\/vsmvv.cz\/en\/wp-json\/wp\/v2\/skola?post=6216"}],"curies":[{"name":"wp","href":"https:\/\/api.w.org\/{rel}","templated":true}]}}

VŠMVV bude uzavřena 28.9.

<p>U příležitosti dne české státnosti bude budova Vysoké školy mezinárodních a veřejných vztahů Praha uzavřena 28.9. </p>



<p></p>

<p>U příležitosti dne české státnosti bude budova Vysoké školy mezinárodních a veřejných vztahů Praha uzavřena 28.9.</p>

<!-- This site is optimized with the Yoast SEO plugin v26.8 - https://yoast.com/product/yoast-seo-wordpress/ -->
<title>VŠMVV bude uzavřena 28.9. - Vysoká škola mezinárodních a verejných vztahů</title>
<meta name="robots" content="index, follow, max-snippet:-1, max-image-preview:large, max-video-preview:-1" />
<link rel="canonical" href="https://vsmvv.cz/en/aktuality/vsmvv-bude-uzavrena-28-9/" />
<meta property="og:locale" content="en_US" />
<meta property="og:type" content="article" />
<meta property="og:title" content="VŠMVV bude uzavřena 28.9. - Vysoká škola mezinárodních a verejných vztahů" />
<meta property="og:description" content="U příležitosti dne české státnosti bude budova Vysoké školy mezinárodních a veřejných vztahů Praha uzavřena 28.9." />
<meta property="og:url" content="https://vsmvv.cz/en/aktuality/vsmvv-bude-uzavrena-28-9/" />
<meta property="og:site_name" content="Vysoká škola mezinárodních a verejných vztahů" />
<meta property="article:modified_time" content="2022-09-27T08:32:12+00:00" />
<meta name="twitter:card" content="summary_large_image" />
<meta name="twitter:label1" content="Est. reading time" />
	<meta name="twitter:data1" content="1 minute" />
<script type="application/ld+json" class="yoast-schema-graph">{"@context":"https://schema.org","@graph":[{"@type":"WebPage","@id":"https://vsmvv.cz/en/aktuality/vsmvv-bude-uzavrena-28-9/","url":"https://vsmvv.cz/en/aktuality/vsmvv-bude-uzavrena-28-9/","name":"VŠMVV bude uzavřena 28.9. - Vysoká škola mezinárodních a verejných vztahů","isPartOf":{"@id":"http://vsmvv.cz/en/#website"},"datePublished":"2022-09-27T08:32:11+00:00","dateModified":"2022-09-27T08:32:12+00:00","breadcrumb":{"@id":"https://vsmvv.cz/en/aktuality/vsmvv-bude-uzavrena-28-9/#breadcrumb"},"inLanguage":"en-US","potentialAction":[{"@type":"ReadAction","target":["https://vsmvv.cz/en/aktuality/vsmvv-bude-uzavrena-28-9/"]}]},{"@type":"BreadcrumbList","@id":"https://vsmvv.cz/en/aktuality/vsmvv-bude-uzavrena-28-9/#breadcrumb","itemListElement":[{"@type":"ListItem","position":1,"name":"Vysoká škola mezinárodních a verejných vztahů","item":"https://vsmvv.cz/en/"},{"@type":"ListItem","position":2,"name":"Aktuality","item":"https://vsmvv.cz/en/aktuality/"},{"@type":"ListItem","position":3,"name":"VŠMVV bude uzavřena 28.9."}]},{"@type":"WebSite","@id":"http://vsmvv.cz/en/#website","url":"http://vsmvv.cz/en/","name":"Vysoká škola mezinárodních a verejných vztahů","description":"Kvalita. Prestíž. Úspech. Precíznosť.","potentialAction":[{"@type":"SearchAction","target":{"@type":"EntryPoint","urlTemplate":"http://vsmvv.cz/en/?s={search_term_string}"},"query-input":{"@type":"PropertyValueSpecification","valueRequired":true,"valueName":"search_term_string"}}],"inLanguage":"en-US"}]}</script>
<!-- / Yoast SEO plugin. -->

VŠMVV bude uzavřena 28.9. - Vysoká škola mezinárodních a verejných vztahů

U příležitosti dne české státnosti bude budova Vysoké školy mezinárodních a veřejných vztahů Praha uzavřena 28.9.

Vysoká škola mezinárodních a verejných vztahů

Kvalita. Prestíž. Úspech. Precíznosť.
